[INFO] cloning repository https://github.com/ben-han-cn/xDNS
[INFO] running `Command { std: "git" "-c" "credential.helper=" "-c" "credential.helper=/workspace/cargo-home/bin/git-credential-null" "clone" "--bare" "https://github.com/ben-han-cn/xDNS" "/workspace/cache/git-repos/https%3A%2F%2Fgithub.com%2Fben-han-cn%2FxDNS", kill_on_drop: false }`
[INFO] [stderr] Cloning into bare repository '/workspace/cache/git-repos/https%3A%2F%2Fgithub.com%2Fben-han-cn%2FxDNS'...
[INFO] running `Command { std: "git" "rev-parse" "HEAD", kill_on_drop: false }`
[INFO] [stdout] ae8129c2dcdf6a86465e4e6e245caa1bad8367a2
[INFO] checking ben-han-cn/xDNS against master#e6e4f7ed1589e03bc2f6c5931c1a72e7947e8682 for beta-170-4
[INFO] running `Command { std: "git" "clone" "/workspace/cache/git-repos/https%3A%2F%2Fgithub.com%2Fben-han-cn%2FxDNS" "/workspace/builds/worker-7-tc2/source", kill_on_drop: false }`
[INFO] [stderr] Cloning into '/workspace/builds/worker-7-tc2/source'...
[INFO] [stderr] done.
[INFO] validating manifest of git repo https://github.com/ben-han-cn/xDNS on toolchain e6e4f7ed1589e03bc2f6c5931c1a72e7947e8682
[INFO] running `Command { std: CARGO_HOME="/workspace/cargo-home" RUSTUP_HOME="/workspace/rustup-home" "/workspace/cargo-home/bin/cargo" "+e6e4f7ed1589e03bc2f6c5931c1a72e7947e8682" "metadata" "--manifest-path" "Cargo.toml" "--no-deps", kill_on_drop: false }`
[INFO] started tweaking git repo https://github.com/ben-han-cn/xDNS
[INFO] finished tweaking git repo https://github.com/ben-han-cn/xDNS
[INFO] tweaked toml for git repo https://github.com/ben-han-cn/xDNS written to /workspace/builds/worker-7-tc2/source/Cargo.toml
[INFO] crate git repo https://github.com/ben-han-cn/xDNS already has a lockfile, it will not be regenerated
[INFO] running `Command { std: CARGO_HOME="/workspace/cargo-home" RUSTUP_HOME="/workspace/rustup-home" "/workspace/cargo-home/bin/cargo" "+e6e4f7ed1589e03bc2f6c5931c1a72e7947e8682" "fetch" "--manifest-path" "Cargo.toml", kill_on_drop: false }`
[INFO] running `Command { std: "docker" "create" "-v" "/var/lib/crater-agent-workspace/builds/worker-7-tc2/target:/opt/rustwide/target:rw,Z" "-v" "/var/lib/crater-agent-workspace/builds/worker-7-tc2/source:/opt/rustwide/workdir:ro,Z" "-v" "/var/lib/crater-agent-workspace/cargo-home:/opt/rustwide/cargo-home:ro,Z" "-v" "/var/lib/crater-agent-workspace/rustup-home:/opt/rustwide/rustup-home:ro,Z" "-e" "SOURCE_DIR=/opt/rustwide/workdir" "-e" "CARGO_TARGET_DIR=/opt/rustwide/target" "-e" "CARGO_HOME=/opt/rustwide/cargo-home" "-e" "RUSTUP_HOME=/opt/rustwide/rustup-home" "-w" "/opt/rustwide/workdir" "-m" "1610612736" "--user" "0:0" "--network" "none" "ghcr.io/rust-lang/crates-build-env/linux@sha256:19e73879b68f455e41552ea35293514db52ea292d993f571636dbffedb77a1ee" "/opt/rustwide/cargo-home/bin/cargo" "+e6e4f7ed1589e03bc2f6c5931c1a72e7947e8682" "metadata" "--no-deps" "--format-version=1", kill_on_drop: false }`
[INFO] [stdout] 7613917672e984a985cc883f2b8e5dec20c36add0d11748f65722fd48622deee
[INFO] running `Command { std: "docker" "start" "-a" "7613917672e984a985cc883f2b8e5dec20c36add0d11748f65722fd48622deee", kill_on_drop: false }`
[INFO] running `Command { std: "docker" "inspect" "7613917672e984a985cc883f2b8e5dec20c36add0d11748f65722fd48622deee", kill_on_drop: false }`
[INFO] running `Command { std: "docker" "rm" "-f" "7613917672e984a985cc883f2b8e5dec20c36add0d11748f65722fd48622deee", kill_on_drop: false }`
[INFO] [stdout] 7613917672e984a985cc883f2b8e5dec20c36add0d11748f65722fd48622deee
[INFO] running `Command { std: "docker" "create" "-v" "/var/lib/crater-agent-workspace/builds/worker-7-tc2/target:/opt/rustwide/target:rw,Z" "-v" "/var/lib/crater-agent-workspace/builds/worker-7-tc2/source:/opt/rustwide/workdir:ro,Z" "-v" "/var/lib/crater-agent-workspace/cargo-home:/opt/rustwide/cargo-home:ro,Z" "-v" "/var/lib/crater-agent-workspace/rustup-home:/opt/rustwide/rustup-home:ro,Z" "-e" "SOURCE_DIR=/opt/rustwide/workdir" "-e" "CARGO_TARGET_DIR=/opt/rustwide/target" "-e" "CARGO_INCREMENTAL=0" "-e" "RUST_BACKTRACE=full" "-e" "RUSTFLAGS=--cap-lints=forbid" "-e" "RUSTDOCFLAGS=--cap-lints=forbid" "-e" "CARGO_HOME=/opt/rustwide/cargo-home" "-e" "RUSTUP_HOME=/opt/rustwide/rustup-home" "-w" "/opt/rustwide/workdir" "-m" "1610612736" "--user" "0:0" "--network" "none" "ghcr.io/rust-lang/crates-build-env/linux@sha256:19e73879b68f455e41552ea35293514db52ea292d993f571636dbffedb77a1ee" "/opt/rustwide/cargo-home/bin/cargo" "+e6e4f7ed1589e03bc2f6c5931c1a72e7947e8682" "check" "--frozen" "--all" "--all-targets" "--message-format=json", kill_on_drop: false }`
[INFO] [stdout] 7c16c04580ab9864dbfac694696bf5f1d93fddf05490a3a70cd8ad3fa3a18ba9
[INFO] running `Command { std: "docker" "start" "-a" "7c16c04580ab9864dbfac694696bf5f1d93fddf05490a3a70cd8ad3fa3a18ba9", kill_on_drop: false }`
[INFO] [stderr]    Compiling libc v0.2.125
[INFO] [stderr]    Compiling version_check v0.9.4
[INFO] [stderr]    Compiling proc-macro2 v1.0.38
[INFO] [stderr]    Compiling unicode-xid v0.2.3
[INFO] [stderr]    Compiling syn v1.0.94
[INFO] [stderr]    Compiling memchr v2.5.0
[INFO] [stderr]    Compiling log v0.4.17
[INFO] [stderr]     Checking once_cell v1.10.0
[INFO] [stderr]     Checking pin-project-lite v0.2.9
[INFO] [stderr]    Compiling parking_lot_core v0.9.3
[INFO] [stderr]    Compiling futures-task v0.3.21
[INFO] [stderr]    Compiling ahash v0.7.6
[INFO] [stderr]     Checking tracing-core v0.1.26
[INFO] [stderr]    Compiling futures-util v0.3.21
[INFO] [stderr]    Compiling pkg-config v0.3.25
[INFO] [stderr]    Compiling typenum v1.15.0
[INFO] [stderr]     Checking http v0.2.7
[INFO] [stderr]    Compiling generic-array v0.14.5
[INFO] [stderr]    Compiling quote v1.0.18
[INFO] [stderr]    Compiling serde_derive v1.0.137
[INFO] [stderr]     Checking getrandom v0.2.6
[INFO] [stderr]    Compiling jobserver v0.1.24
[INFO] [stderr]    Compiling cc v1.0.73
[INFO] [stderr]     Checking parking_lot v0.12.0
[INFO] [stderr]     Checking socket2 v0.4.4
[INFO] [stderr]     Checking mio v0.8.3
[INFO] [stderr]     Checking signal-hook-registry v1.4.0
[INFO] [stderr]     Checking num_cpus v1.13.1
[INFO] [stderr]    Compiling standback v0.2.17
[INFO] [stderr]    Compiling serde v1.0.137
[INFO] [stderr]     Checking tokio v1.18.2
[INFO] [stderr]     Checking hashbrown v0.11.2
[INFO] [stderr]    Compiling httparse v1.7.1
[INFO] [stderr]    Compiling openssl v0.10.40
[INFO] [stderr]     Checking slab v0.4.6
[INFO] [stderr]     Checking indexmap v1.8.1
[INFO] [stderr]     Checking tinyvec v1.6.0
[INFO] [stderr]     Checking rand_core v0.6.3
[INFO] [stderr]    Compiling openssl-sys v0.9.74
[INFO] [stderr]    Compiling zstd-sys v1.6.3+zstd.1.5.2
[INFO] [stderr]    Compiling encoding_rs v0.8.31
[INFO] [stderr]    Compiling crc32fast v1.3.2
[INFO] [stderr]    Compiling bytes v1.1.0
[INFO] [stderr]    Compiling zstd-safe v4.1.6+zstd.1.5.2
[INFO] [stderr]     Checking alloc-no-stdlib v2.0.3
[INFO] [stderr]     Checking local-waker v0.1.3
[INFO] [stderr]     Checking ppv-lite86 v0.2.16
[INFO] [stderr]    Compiling native-tls v0.2.10
[INFO] [stderr]     Checking alloc-stdlib v0.2.1
[INFO] [stderr]     Checking unicode-normalization v0.1.19
[INFO] [stderr]    Compiling aho-corasick v0.7.18
[INFO] [stderr]     Checking crypto-common v0.1.3
[INFO] [stderr]     Checking block-buffer v0.10.2
[INFO] [stderr]     Checking rand_chacha v0.3.1
[INFO] [stderr]    Compiling num-traits v0.2.15
[INFO] [stderr]     Checking unicode-bidi v0.3.8
[INFO] [stderr]    Compiling regex-syntax v0.6.25
[INFO] [stderr]     Checking adler v1.0.2
[INFO] [stderr]    Compiling itoa v1.0.1
[INFO] [stderr]    Compiling cfg-if v1.0.0
[INFO] [stderr]    Compiling serde_json v1.0.81
[INFO] [stderr]    Compiling fnv v1.0.7
[INFO] [stderr]     Checking openssl-probe v0.1.5
[INFO] [stderr]    Compiling paste v1.0.7
[INFO] [stderr]    Compiling const_fn v0.4.9
[INFO] [stderr]     Checking idna v0.2.3
[INFO] [stderr]     Checking actix-service v2.0.2
[INFO] [stderr]     Checking actix-rt v2.7.0
[INFO] [stderr]     Checking miniz_oxide v0.5.1
[INFO] [stderr]     Checking want v0.3.0
[INFO] [stderr]     Checking rand v0.8.5
[INFO] [stderr]     Checking digest v0.10.3
[INFO] [stderr]     Checking brotli-decompressor v2.3.2
[INFO] [stderr]    Compiling bytestring v1.0.0
[INFO] [stderr]     Checking actix-utils v3.0.0
[INFO] [stderr]     Checking regex v1.5.5
[INFO] [stderr]     Checking http-body v0.4.5
[INFO] [stderr]    Compiling cookie v0.16.0
[INFO] [stderr]    Compiling time v0.2.27
[INFO] [stderr]    Compiling num-integer v0.1.45
[INFO] [stderr]     Checking cpufeatures v0.2.2
[INFO] [stderr]    Compiling convert_case v0.4.0
[INFO] [stderr]     Checking tower-service v0.3.2
[INFO] [stderr]     Checking unicode-width v0.1.9
[INFO] [stderr]    Compiling firestorm v0.5.0
[INFO] [stderr]     Checking num_threads v0.1.6
[INFO] [stderr]    Compiling time-macros v0.2.4
[INFO] [stderr]    Compiling anyhow v1.0.57
[INFO] [stderr]     Checking textwrap v0.11.0
[INFO] [stderr]     Checking sha-1 v0.10.0
[INFO] [stderr]     Checking brotli v3.3.4
[INFO] [stderr]     Checking flate2 v1.0.23
[INFO] [stderr]     Checking url v2.2.2
[INFO] [stderr]     Checking local-channel v0.1.3
[INFO] [stderr]     Checking atty v0.2.14
[INFO] [stderr]     Checking language-tags v0.3.2
[INFO] [stderr]     Checking os_str_bytes v6.1.0
[INFO] [stderr]     Checking termcolor v1.1.3
[INFO] [stderr]    Compiling async-trait v0.1.53
[INFO] [stderr]     Checking clap_lex v0.2.0
[INFO] [stderr]     Checking clap v2.34.0
[INFO] [stderr]     Checking time v0.1.44
[INFO] [stderr]     Checking ipnet v2.5.0
[INFO] [stderr]     Checking time v0.3.9
[INFO] [stderr]     Checking humantime v2.1.0
[INFO] [stderr]     Checking textwrap v0.15.0
[INFO] [stderr]     Checking env_logger v0.9.0
[INFO] [stderr]     Checking clap v3.1.18
[INFO] [stderr]     Checking chrono v0.4.19
[INFO] [stderr]    Compiling tracing-attributes v0.1.21
[INFO] [stderr]    Compiling openssl-macros v0.1.0
[INFO] [stderr]    Compiling time-macros-impl v0.1.2
[INFO] [stderr]    Compiling derive_more v0.99.17
[INFO] [stderr]    Compiling actix-router v0.5.0
[INFO] [stderr]     Checking time-macros v0.1.1
[INFO] [stderr]    Compiling rdata_derive v0.1.0 (https://github.com/ben-han-cn/r53?branch=master#83003eca)
[INFO] [stderr]    Compiling actix-macros v0.2.3
[INFO] [stderr]    Compiling actix-web-codegen v4.0.0
[INFO] [stderr]     Checking tracing v0.1.34
[INFO] [stderr]     Checking tokio-util v0.7.2
[INFO] [stderr]     Checking actix-server v2.1.1
[INFO] [stderr]     Checking r53 v0.1.0 (https://github.com/ben-han-cn/r53?branch=master#83003eca)
[INFO] [stderr]     Checking h2 v0.3.13
[INFO] [stderr]     Checking actix-codec v0.5.0
[INFO] [stderr]     Checking lru v0.7.6
[INFO] [stderr]     Checking tokio-native-tls v0.3.0
[INFO] [stderr]     Checking hyper v0.14.19
[INFO] [stderr]     Checking serde_urlencoded v0.7.1
[INFO] [stderr]     Checking hyper-tls v0.5.0
[INFO] [stderr]     Checking reqwest v0.11.11
[INFO] [stderr]     Checking zstd v0.10.2+zstd.1.5.2
[INFO] [stderr]     Checking actix-http v3.0.4
[INFO] [stderr]     Checking actix-web v4.0.1
[INFO] [stderr]     Checking xDNS v0.1.0 (/opt/rustwide/workdir)
[INFO] [stdout] warning: unused imports: `Error`, `HttpRequest`, `error`, `middleware`
[INFO] [stdout]  --> src/api/recursor.rs:1:17
[INFO] [stdout]   |
[INFO] [stdout] 1 | use actix_web::{error, middleware, web, App, Error, HttpRequest, HttpResponse, HttpServer};
[INFO] [stdout]   |                 ^^^^^  ^^^^^^^^^^            ^^^^^  ^^^^^^^^^^^
[INFO] [stdout]   |
[INFO] [stdout]   = note: `#[warn(unused_imports)]` on by default
[INFO] [stdout] 
[INFO] [stdout] 
[INFO] [stdout] warning: unused import: `RRset`
[INFO] [stdout]  --> src/api/recursor.rs:2:17
[INFO] [stdout]   |
[INFO] [stdout] 2 | use r53::{Name, RRset};
[INFO] [stdout]   |                 ^^^^^
[INFO] [stdout] 
[INFO] [stdout] 
[INFO] [stdout] warning: unused import: `super::entry_key::EntryKey`
[INFO] [stdout]  --> src/recursor/cache/message_cache_entry.rs:1:5
[INFO] [stdout]   |
[INFO] [stdout] 1 | use super::entry_key::EntryKey;
[INFO] [stdout]   |     ^^^^^^^^^^^^^^^^^^^^^^^^^^
[INFO] [stdout] 
[INFO] [stdout] 
[INFO] [stdout] warning: unused imports: `Name`, `RRType`
[INFO] [stdout]  --> src/recursor/cache/message_cache_entry.rs:3:30
[INFO] [stdout]   |
[INFO] [stdout] 3 |     header_flag::HeaderFlag, Name, RRTtl, RRType, RRset, Rcode, Request, Response, ResponseBuilder,
[INFO] [stdout]   |                              ^^^^         ^^^^^^
[INFO] [stdout] 
[INFO] [stdout] 
[INFO] [stdout] warning: unused import: `bail`
[INFO] [stdout]  --> src/recursor/recursor.rs:2:20
[INFO] [stdout]   |
[INFO] [stdout] 2 | use anyhow::{self, bail};
[INFO] [stdout]   |                    ^^^^
[INFO] [stdout] 
[INFO] [stdout] 
[INFO] [stdout] warning: unused import: `Response`
[INFO] [stdout]  --> src/server/udp_server.rs:2:35
[INFO] [stdout]   |
[INFO] [stdout] 2 | use r53::{MessageRender, Request, Response};
[INFO] [stdout]   |                                   ^^^^^^^^
[INFO] [stdout] 
[INFO] [stdout] 
[INFO] [stdout] warning: unused imports: `Error`, `HttpRequest`, `error`, `middleware`
[INFO] [stdout]  --> src/api/recursor.rs:1:17
[INFO] [stdout]   |
[INFO] [stdout] 1 | use actix_web::{error, middleware, web, App, Error, HttpRequest, HttpResponse, HttpServer};
[INFO] [stdout]   |                 ^^^^^  ^^^^^^^^^^            ^^^^^  ^^^^^^^^^^^
[INFO] [stdout]   |
[INFO] [stdout]   = note: `#[warn(unused_imports)]` on by default
[INFO] [stdout] 
[INFO] [stdout] 
[INFO] [stdout] warning: unused import: `RRset`
[INFO] [stdout]  --> src/api/recursor.rs:2:17
[INFO] [stdout]   |
[INFO] [stdout] 2 | use r53::{Name, RRset};
[INFO] [stdout]   |                 ^^^^^
[INFO] [stdout] 
[INFO] [stdout] 
[INFO] [stdout] warning: unused import: `super::entry_key::EntryKey`
[INFO] [stdout]  --> src/recursor/cache/message_cache_entry.rs:1:5
[INFO] [stdout]   |
[INFO] [stdout] 1 | use super::entry_key::EntryKey;
[INFO] [stdout]   |     ^^^^^^^^^^^^^^^^^^^^^^^^^^
[INFO] [stdout] 
[INFO] [stdout] 
[INFO] [stdout] warning: unused import: `bail`
[INFO] [stdout]  --> src/recursor/recursor.rs:2:20
[INFO] [stdout]   |
[INFO] [stdout] 2 | use anyhow::{self, bail};
[INFO] [stdout]   |                    ^^^^
[INFO] [stdout] 
[INFO] [stdout] 
[INFO] [stdout] warning: unused import: `Response`
[INFO] [stdout]  --> src/server/udp_server.rs:2:35
[INFO] [stdout]   |
[INFO] [stdout] 2 | use r53::{MessageRender, Request, Response};
[INFO] [stdout]   |                                   ^^^^^^^^
[INFO] [stdout] 
[INFO] [stdout] 
[INFO] [stdout] warning: unused variable: `client`
[INFO] [stdout]   --> src/recursor/recursor.rs:96:17
[INFO] [stdout]    |
[INFO] [stdout] 96 |             let client = reqwest::Client::builder()
[INFO] [stdout]    |                 ^^^^^^ help: if this is intentional, prefix it with an underscore: `_client`
[INFO] [stdout]    |
[INFO] [stdout]    = note: `#[warn(unused_variables)]` on by default
[INFO] [stdout] 
[INFO] [stdout] 
[INFO] [stdout] warning: unused variable: `client`
[INFO] [stdout]   --> src/recursor/recursor.rs:96:17
[INFO] [stdout]    |
[INFO] [stdout] 96 |             let client = reqwest::Client::builder()
[INFO] [stdout]    |                 ^^^^^^ help: if this is intentional, prefix it with an underscore: `_client`
[INFO] [stdout]    |
[INFO] [stdout]    = note: `#[warn(unused_variables)]` on by default
[INFO] [stdout] 
[INFO] [stdout] 
[INFO] [stdout] error[E0599]: no method named `len` found for struct `QueryInfo` in the current scope
[INFO] [stdout]   --> src/recursor/query_statistic.rs:72:22
[INFO] [stdout]    |
[INFO] [stdout] 12 | pub struct QueryInfo {
[INFO] [stdout]    | -------------------- method `len` not found for this struct
[INFO] [stdout] ...
[INFO] [stdout] 72 |         assert_eq!(v.len(), 3);
[INFO] [stdout]    |                      ^^^ method not found in `QueryInfo`
[INFO] [stdout]    |
[INFO] [stdout]    = help: items from traits can only be used if the trait is implemented and in scope
[INFO] [stdout]    = note: the following traits define an item `len`, perhaps you need to implement one of them:
[INFO] [stdout]            candidate #1: `ExactSizeIterator`
[INFO] [stdout]            candidate #2: `typenum::type_operators::Len`
[INFO] [stdout]            candidate #3: `alloc_no_stdlib::allocated_memory::SliceWrapper`
[INFO] [stdout]            candidate #4: `regex::input::Input`
[INFO] [stdout] help: some of the expressions' fields have a method of the same name
[INFO] [stdout]    |
[INFO] [stdout] 72 |         assert_eq!(v.time.len(), 3);
[INFO] [stdout]    |                      +++++
[INFO] [stdout] 72 |         assert_eq!(v.top.len(), 3);
[INFO] [stdout]    |                      ++++
[INFO] [stdout] 
[INFO] [stdout] 
[INFO] [stdout] error[E0608]: cannot index into a value of type `QueryInfo`
[INFO] [stdout]   --> src/recursor/query_statistic.rs:73:20
[INFO] [stdout]    |
[INFO] [stdout] 73 |         assert_eq!(v[0].1, 3);
[INFO] [stdout]    |                    ^^^^
[INFO] [stdout] 
[INFO] [stdout] 
[INFO] [stdout] error[E0608]: cannot index into a value of type `QueryInfo`
[INFO] [stdout]   --> src/recursor/query_statistic.rs:74:20
[INFO] [stdout]    |
[INFO] [stdout] 74 |         assert_eq!(v[1].1, 2);
[INFO] [stdout]    |                    ^^^^
[INFO] [stdout] 
[INFO] [stdout] 
[INFO] [stdout] error[E0608]: cannot index into a value of type `QueryInfo`
[INFO] [stdout]   --> src/recursor/query_statistic.rs:75:20
[INFO] [stdout]    |
[INFO] [stdout] 75 |         assert_eq!(v[2].1, 1);
[INFO] [stdout]    |                    ^^^^
[INFO] [stdout] 
[INFO] [stdout] 
[INFO] [stdout] warning: variable does not need to be mutable
[INFO] [stdout]   --> src/auth/auth.rs:48:13
[INFO] [stdout]    |
[INFO] [stdout] 48 |         let mut zones = self.zones.write().unwrap();
[INFO] [stdout]    |             ----^^^^^
[INFO] [stdout]    |             |
[INFO] [stdout]    |             help: remove this `mut`
[INFO] [stdout]    |
[INFO] [stdout]    = note: `#[warn(unused_mut)]` on by default
[INFO] [stdout] 
[INFO] [stdout] 
[INFO] [stdout] error: aborting due to 4 previous errors; 6 warnings emitted
[INFO] [stdout] 
[INFO] [stdout] 
[INFO] [stdout] Some errors have detailed explanations: E0599, E0608.
[INFO] [stdout] 
[INFO] [stdout] For more information about an error, try `rustc --explain E0599`.
[INFO] [stdout] 
[INFO] [stderr] error: could not compile `xDNS` (bin "xDNS" test) due to 5 previous errors; 6 warnings emitted
[INFO] [stderr] warning: build failed, waiting for other jobs to finish...
[INFO] [stdout] warning: method `len` is never used
[INFO] [stdout]   --> src/recursor/cache/cache.rs:18:12
[INFO] [stdout]    |
[INFO] [stdout] 9  | impl MessageCache {
[INFO] [stdout]    | ----------------- method in this implementation
[INFO] [stdout] ...
[INFO] [stdout] 18 |     pub fn len(&self) -> usize {
[INFO] [stdout]    |            ^^^
[INFO] [stdout]    |
[INFO] [stdout]    = note: `#[warn(dead_code)]` on by default
[INFO] [stdout] 
[INFO] [stdout] 
[INFO] [stdout] warning: method `len` is never used
[INFO] [stdout]   --> src/recursor/cache/message_cache.rs:23:12
[INFO] [stdout]    |
[INFO] [stdout] 11 | impl MessageLruCache {
[INFO] [stdout]    | -------------------- method in this implementation
[INFO] [stdout] ...
[INFO] [stdout] 23 |     pub fn len(&self) -> usize {
[INFO] [stdout]    |            ^^^
[INFO] [stdout] 
[INFO] [stdout] 
[INFO] [stdout] warning: method `len` is never used
[INFO] [stdout]   --> src/recursor/query_statistic.rs:27:12
[INFO] [stdout]    |
[INFO] [stdout] 19 | impl QueryStatistic {
[INFO] [stdout]    | ------------------- method in this implementation
[INFO] [stdout] ...
[INFO] [stdout] 27 |     pub fn len(&self) -> usize {
[INFO] [stdout]    |            ^^^
[INFO] [stdout] 
[INFO] [stdout] 
[INFO] [stdout] warning: crate `xDNS` should have a snake case name
[INFO] [stdout]   |
[INFO] [stdout]   = help: convert the identifier to snake case: `x_dns`
[INFO] [stdout]   = note: `#[warn(non_snake_case)]` on by default
[INFO] [stdout] 
[INFO] [stdout] 
[INFO] [stdout] warning: unused return value of `Box::<T>::from_raw` that must be used
[INFO] [stdout]   --> src/recursor/cache/entry_key.rs:64:17
[INFO] [stdout]    |
[INFO] [stdout] 64 |                 Box::from_raw(self.name as *mut Name);
[INFO] [stdout]    |                 ^^^^^^^^^^^^^^^^^^^^^^^^^^^^^^^^^^^^^
[INFO] [stdout]    |
[INFO] [stdout]    = note: call `drop(Box::from_raw(ptr))` if you intend to drop the `Box`
[INFO] [stdout]    = note: `#[warn(unused_must_use)]` on by default
[INFO] [stdout] help: use `let _ = ...` to ignore the resulting value
[INFO] [stdout]    |
[INFO] [stdout] 64 |                 let _ = Box::from_raw(self.name as *mut Name);
[INFO] [stdout]    |                 +++++++
[INFO] [stdout] 
[INFO] [stdout] 
[INFO] [stdout] warning: unused `Result` that must be used
[INFO] [stdout]   --> src/recursor/recursor.rs:88:9
[INFO] [stdout]    |
[INFO] [stdout] 88 |         self.inner.add_forward(zone, addr);
[INFO] [stdout]    |         ^^^^^^^^^^^^^^^^^^^^^^^^^^^^^^^^^^
[INFO] [stdout]    |
[INFO] [stdout]    = note: this `Result` may be an `Err` variant, which should be handled
[INFO] [stdout] help: use `let _ = ...` to ignore the resulting value
[INFO] [stdout]    |
[INFO] [stdout] 88 |         let _ = self.inner.add_forward(zone, addr);
[INFO] [stdout]    |         +++++++
[INFO] [stdout] 
[INFO] [stdout] 
[INFO] [stdout] warning: 14 warnings emitted
[INFO] [stdout] 
[INFO] [stdout] 
[INFO] running `Command { std: "docker" "inspect" "7c16c04580ab9864dbfac694696bf5f1d93fddf05490a3a70cd8ad3fa3a18ba9", kill_on_drop: false }`
[INFO] running `Command { std: "docker" "rm" "-f" "7c16c04580ab9864dbfac694696bf5f1d93fddf05490a3a70cd8ad3fa3a18ba9", kill_on_drop: false }`
[INFO] [stdout] 7c16c04580ab9864dbfac694696bf5f1d93fddf05490a3a70cd8ad3fa3a18ba9
